{"id":575,"date":"2014-05-30T08:42:12","date_gmt":"2014-05-30T08:42:12","guid":{"rendered":""},"modified":"2019-05-24T18:55:32","modified_gmt":"2019-05-24T16:55:32","slug":"culture-concept-store-palermo","status":"publish","type":"page","link":"https:\/\/palermo.cultureconceptstore.it\/salinas\/","title":{"rendered":"Culture Concept Store Palermo"},"content":{"rendered":"\t<div class=\"pixcode  pixcode--grid  grid\" >\n\t\t\t<div class=\"island grid__item six-twelfths palm-one-whole\" >\n\t\t\n<p style=\"text-align: center;\"><hgroup class=\"pixcode  pixcode--heading article__headline\">\n\t<h2 class=\"headline__secondary\"><span class=\"first-letter\">C<\/span>oncept Store<\/h2>\n\t<h1 class=\"headline__primary\">Museo Salinas<\/h1>\n<\/hgroup>\n<p style=\"text-align: center;\"><div class=\"pixcode  pixcode--separator  separator separator--flower separator_color--color\">&#10043;<\/div>\n\n<p style=\"text-align: center;\">Il CULTURE CONCEPT STORE \u00e8 un progetto innovativo ideato e realizzato da <a href=\"https:\/\/www.coopculture.it\/\" target=\"_blank\" rel=\"noopener\">Coopculture<\/a>: un nuovo spazio pensato per rendere pi\u00f9 piacevole l\u2019esperienza di visita al museo. Non \u00e8 solo una <strong><a href=\"http:\/\/palermo.cultureconceptstore.it\/salinas\/cafe-culture\"> caffetteria<\/a><\/strong>, un <strong><a href=\"http:\/\/palermo.cultureconceptstore.it\/salinas\/book-culture\">bookshop<\/a><\/strong> o un <strong><a href=\"http:\/\/palermo.cultureconceptstore.it\/salinas\/welcome-culture\">welcome point<\/a><\/strong>. \u00c8 <strong>tutto questo e molto di pi\u00f9<\/strong>.<\/p>\n<p style=\"text-align: center;\"><a  class=\"pixcode  pixcode--btn  btn  btn--text\" href=\"https:\/\/www.facebook.com\/Museo.Archeologico.Antonino.Salinas.Palermo\/\" >Scopri il Museo<\/a>\n\t<\/div>\n\t<div class=\"grid__item six-twelfths palm-one-whole\" >\n\t\t\n\n\t\t<style type='text\/css'>\n\t\t\t#gallery-0 {\n\t\t\t\tmargin: auto;\n\t\t\t}\n\t\t\t#gallery-0 .gallery-item {\n\t\t\t\tfloat: left;\n\t\t\t\ttext-align: center;\n\t\t\t\twidth: 50%;\n\t\t\t}\n\t\t\t\/* see gallery_shortcode() in wp-includes\/media.php *\/\n\t\t<\/style>\n\t\t<div id='gallery-0' class='gallery galleryid-575 gallery-columns-2 gallery-size-full'><figure class='gallery-item'>\n\t\t\t<div class='gallery-icon portrait'>\n\t\t\t\t<img loading=\"lazy\" decoding=\"async\" width=\"773\" height=\"1160\" src=\"https:\/\/palermo.cultureconceptstore.it\/salinas\/wp-content\/uploads\/2018\/06\/ccs_vertical-photo-_prova01.jpg\" class=\"attachment-full size-full\" alt=\"\" srcset=\"https:\/\/palermo.cultureconceptstore.it\/salinas\/wp-content\/uploads\/2018\/06\/ccs_vertical-photo-_prova01.jpg 773w, https:\/\/palermo.cultureconceptstore.it\/salinas\/wp-content\/uploads\/2018\/06\/ccs_vertical-photo-_prova01-200x300.jpg 200w, https:\/\/palermo.cultureconceptstore.it\/salinas\/wp-content\/uploads\/2018\/06\/ccs_vertical-photo-_prova01-768x1152.jpg 768w, https:\/\/palermo.cultureconceptstore.it\/salinas\/wp-content\/uploads\/2018\/06\/ccs_vertical-photo-_prova01-682x1024.jpg 682w, https:\/\/palermo.cultureconceptstore.it\/salinas\/wp-content\/uploads\/2018\/06\/ccs_vertical-photo-_prova01-400x600.jpg 400w\" sizes=\"auto, (max-width: 773px) 100vw, 773px\" \/>\n\t\t\t<\/div><\/figure><figure class='gallery-item'>\n\t\t\t<div class='gallery-icon portrait'>\n\t\t\t\t<img loading=\"lazy\" decoding=\"async\" width=\"773\" height=\"1160\" src=\"https:\/\/palermo.cultureconceptstore.it\/salinas\/wp-content\/uploads\/2018\/06\/ccs_vertical-photo-_prova02.jpg\" class=\"attachment-full size-full\" alt=\"\" srcset=\"https:\/\/palermo.cultureconceptstore.it\/salinas\/wp-content\/uploads\/2018\/06\/ccs_vertical-photo-_prova02.jpg 773w, https:\/\/palermo.cultureconceptstore.it\/salinas\/wp-content\/uploads\/2018\/06\/ccs_vertical-photo-_prova02-200x300.jpg 200w, https:\/\/palermo.cultureconceptstore.it\/salinas\/wp-content\/uploads\/2018\/06\/ccs_vertical-photo-_prova02-768x1152.jpg 768w, https:\/\/palermo.cultureconceptstore.it\/salinas\/wp-content\/uploads\/2018\/06\/ccs_vertical-photo-_prova02-682x1024.jpg 682w, https:\/\/palermo.cultureconceptstore.it\/salinas\/wp-content\/uploads\/2018\/06\/ccs_vertical-photo-_prova02-400x600.jpg 400w\" sizes=\"auto, (max-width: 773px) 100vw, 773px\" \/>\n\t\t\t<\/div><\/figure>\n\t\t<\/div>\n\n\t<\/div>\n\t<\/div>\n\n","protected":false},"excerpt":{"rendered":"","protected":false},"author":1,"featured_media":1058,"parent":0,"menu_order":0,"comment_status":"closed","ping_status":"closed","template":"","meta":{"footnotes":""},"class_list":["post-575","page","type-page","status-publish","has-post-thumbnail","hentry"],"yoast_head":"<!-- This site is optimized with the Yoast SEO plugin v27.4 - https:\/\/yoast.com\/product\/yoast-seo-wordpress\/ -->\n<title>Culture Concept Store | Museo Archeologico Antonino Salinas Palermo<\/title>\n<meta name=\"description\" content=\"ll CULTURE CONCEPT STORE \u00e8 un nuovo spazio ideato da Coopculture per rendere pi\u00f9 piacevole l\u2019esperienza della visita al Museo Salinas di Palermo.\" \/>\n<meta name=\"robots\" content=\"index, follow, max-snippet:-1, max-image-preview:large, max-video-preview:-1\" \/>\n<meta property=\"og:locale\" content=\"it_IT\" \/>\n<meta property=\"og:type\" content=\"article\" \/>\n<meta property=\"og:title\" content=\"Culture Concept Store | Museo Archeologico Salinas di Palermo\" \/>\n<meta property=\"og:description\" content=\"Il CULTURE CONCEPT STORE \u00e8 un progetto innovativo ideato e realizzato da Coopculture: un nuovo spazio pensato per rendere pi\u00f9 piacevole l\u2019esperienza della visita al museo, innovando il concetto stesso di accoglienza. Non \u00e8 solo una caffetteria, un bookshop o un welcome point. \u00c8 tutto questo e molto di pi\u00f9.\" \/>\n<meta property=\"og:url\" content=\"https:\/\/palermo.cultureconceptstore.it\/salinas\/\" \/>\n<meta property=\"og:site_name\" content=\"Culture Concept Store - Palermo\" \/>\n<meta property=\"article:modified_time\" content=\"2019-05-24T16:55:32+00:00\" \/>\n<meta property=\"og:image\" content=\"https:\/\/palermo.cultureconceptstore.it\/salinas\/wp-content\/uploads\/2018\/07\/ccs_museo-salinas_fb2.jpg\" \/>\n\t<meta property=\"og:image:width\" content=\"1200\" \/>\n\t<meta property=\"og:image:height\" content=\"600\" \/>\n\t<meta property=\"og:image:type\" content=\"image\/jpeg\" \/>\n<meta name=\"twitter:card\" content=\"summary_large_image\" \/>\n<meta name=\"twitter:title\" content=\"Culture Concept Store | Museo Archeologico Salinas di Palermo\" \/>\n<meta name=\"twitter:description\" content=\"Il CULTURE CONCEPT STORE \u00e8 un progetto innovativo ideato e realizzato da Coopculture: un nuovo spazio pensato per rendere pi\u00f9 piacevole l\u2019esperienza della visita al museo, innovando il concetto stesso di accoglienza. Non \u00e8 solo una caffetteria, un bookshop o un welcome point. \u00c8 tutto questo e molto di pi\u00f9.\" \/>\n<meta name=\"twitter:image\" content=\"http:\/\/palermo.cultureconceptstore.it\/salinas\/wp-content\/uploads\/2018\/07\/ccs_museo-salinas_fb2.jpg\" \/>\n<script type=\"application\/ld+json\" class=\"yoast-schema-graph\">{\"@context\":\"https:\\\/\\\/schema.org\",\"@graph\":[{\"@type\":\"WebPage\",\"@id\":\"https:\\\/\\\/palermo.cultureconceptstore.it\\\/salinas\\\/\",\"url\":\"https:\\\/\\\/palermo.cultureconceptstore.it\\\/salinas\\\/\",\"name\":\"Culture Concept Store | Museo Archeologico Antonino Salinas Palermo\",\"isPartOf\":{\"@id\":\"https:\\\/\\\/palermo.cultureconceptstore.it\\\/salinas\\\/#website\"},\"primaryImageOfPage\":{\"@id\":\"https:\\\/\\\/palermo.cultureconceptstore.it\\\/salinas\\\/#primaryimage\"},\"image\":{\"@id\":\"https:\\\/\\\/palermo.cultureconceptstore.it\\\/salinas\\\/#primaryimage\"},\"thumbnailUrl\":\"https:\\\/\\\/palermo.cultureconceptstore.it\\\/salinas\\\/wp-content\\\/uploads\\\/2018\\\/06\\\/ccs_home_museo-salinas.jpg\",\"datePublished\":\"2014-05-30T08:42:12+00:00\",\"dateModified\":\"2019-05-24T16:55:32+00:00\",\"description\":\"ll CULTURE CONCEPT STORE \u00e8 un nuovo spazio ideato da Coopculture per rendere pi\u00f9 piacevole l\u2019esperienza della visita al Museo Salinas di Palermo.\",\"breadcrumb\":{\"@id\":\"https:\\\/\\\/palermo.cultureconceptstore.it\\\/salinas\\\/#breadcrumb\"},\"inLanguage\":\"it-IT\",\"potentialAction\":[{\"@type\":\"ReadAction\",\"target\":[\"https:\\\/\\\/palermo.cultureconceptstore.it\\\/salinas\\\/\"]}]},{\"@type\":\"ImageObject\",\"inLanguage\":\"it-IT\",\"@id\":\"https:\\\/\\\/palermo.cultureconceptstore.it\\\/salinas\\\/#primaryimage\",\"url\":\"https:\\\/\\\/palermo.cultureconceptstore.it\\\/salinas\\\/wp-content\\\/uploads\\\/2018\\\/06\\\/ccs_home_museo-salinas.jpg\",\"contentUrl\":\"https:\\\/\\\/palermo.cultureconceptstore.it\\\/salinas\\\/wp-content\\\/uploads\\\/2018\\\/06\\\/ccs_home_museo-salinas.jpg\",\"width\":1900,\"height\":1200,\"caption\":\"Culture Concept Store | Museo Atnonino Salinas Palermo\"},{\"@type\":\"BreadcrumbList\",\"@id\":\"https:\\\/\\\/palermo.cultureconceptstore.it\\\/salinas\\\/#breadcrumb\",\"itemListElement\":[{\"@type\":\"ListItem\",\"position\":1,\"name\":\"Home\",\"item\":\"https:\\\/\\\/palermo.cultureconceptstore.it\\\/salinas\\\/\"},{\"@type\":\"ListItem\",\"position\":2,\"name\":\"Culture Concept Store Palermo\"}]},{\"@type\":\"WebSite\",\"@id\":\"https:\\\/\\\/palermo.cultureconceptstore.it\\\/salinas\\\/#website\",\"url\":\"https:\\\/\\\/palermo.cultureconceptstore.it\\\/salinas\\\/\",\"name\":\"Culture Concept Store - Palermo\",\"description\":\"\",\"potentialAction\":[{\"@type\":\"SearchAction\",\"target\":{\"@type\":\"EntryPoint\",\"urlTemplate\":\"https:\\\/\\\/palermo.cultureconceptstore.it\\\/salinas\\\/?s={search_term_string}\"},\"query-input\":{\"@type\":\"PropertyValueSpecification\",\"valueRequired\":true,\"valueName\":\"search_term_string\"}}],\"inLanguage\":\"it-IT\"}]}<\/script>\n<!-- \/ Yoast SEO plugin. -->","yoast_head_json":{"title":"Culture Concept Store | Museo Archeologico Antonino Salinas Palermo","description":"ll CULTURE CONCEPT STORE \u00e8 un nuovo spazio ideato da Coopculture per rendere pi\u00f9 piacevole l\u2019esperienza della visita al Museo Salinas di Palermo.","robots":{"index":"index","follow":"follow","max-snippet":"max-snippet:-1","max-image-preview":"max-image-preview:large","max-video-preview":"max-video-preview:-1"},"og_locale":"it_IT","og_type":"article","og_title":"Culture Concept Store | Museo Archeologico Salinas di Palermo","og_description":"Il CULTURE CONCEPT STORE \u00e8 un progetto innovativo ideato e realizzato da Coopculture: un nuovo spazio pensato per rendere pi\u00f9 piacevole l\u2019esperienza della visita al museo, innovando il concetto stesso di accoglienza. Non \u00e8 solo una caffetteria, un bookshop o un welcome point. \u00c8 tutto questo e molto di pi\u00f9.","og_url":"https:\/\/palermo.cultureconceptstore.it\/salinas\/","og_site_name":"Culture Concept Store - Palermo","article_modified_time":"2019-05-24T16:55:32+00:00","og_image":[{"width":1200,"height":600,"url":"https:\/\/palermo.cultureconceptstore.it\/salinas\/wp-content\/uploads\/2018\/07\/ccs_museo-salinas_fb2.jpg","type":"image\/jpeg"}],"twitter_card":"summary_large_image","twitter_title":"Culture Concept Store | Museo Archeologico Salinas di Palermo","twitter_description":"Il CULTURE CONCEPT STORE \u00e8 un progetto innovativo ideato e realizzato da Coopculture: un nuovo spazio pensato per rendere pi\u00f9 piacevole l\u2019esperienza della visita al museo, innovando il concetto stesso di accoglienza. Non \u00e8 solo una caffetteria, un bookshop o un welcome point. \u00c8 tutto questo e molto di pi\u00f9.","twitter_image":"http:\/\/palermo.cultureconceptstore.it\/salinas\/wp-content\/uploads\/2018\/07\/ccs_museo-salinas_fb2.jpg","schema":{"@context":"https:\/\/schema.org","@graph":[{"@type":"WebPage","@id":"https:\/\/palermo.cultureconceptstore.it\/salinas\/","url":"https:\/\/palermo.cultureconceptstore.it\/salinas\/","name":"Culture Concept Store | Museo Archeologico Antonino Salinas Palermo","isPartOf":{"@id":"https:\/\/palermo.cultureconceptstore.it\/salinas\/#website"},"primaryImageOfPage":{"@id":"https:\/\/palermo.cultureconceptstore.it\/salinas\/#primaryimage"},"image":{"@id":"https:\/\/palermo.cultureconceptstore.it\/salinas\/#primaryimage"},"thumbnailUrl":"https:\/\/palermo.cultureconceptstore.it\/salinas\/wp-content\/uploads\/2018\/06\/ccs_home_museo-salinas.jpg","datePublished":"2014-05-30T08:42:12+00:00","dateModified":"2019-05-24T16:55:32+00:00","description":"ll CULTURE CONCEPT STORE \u00e8 un nuovo spazio ideato da Coopculture per rendere pi\u00f9 piacevole l\u2019esperienza della visita al Museo Salinas di Palermo.","breadcrumb":{"@id":"https:\/\/palermo.cultureconceptstore.it\/salinas\/#breadcrumb"},"inLanguage":"it-IT","potentialAction":[{"@type":"ReadAction","target":["https:\/\/palermo.cultureconceptstore.it\/salinas\/"]}]},{"@type":"ImageObject","inLanguage":"it-IT","@id":"https:\/\/palermo.cultureconceptstore.it\/salinas\/#primaryimage","url":"https:\/\/palermo.cultureconceptstore.it\/salinas\/wp-content\/uploads\/2018\/06\/ccs_home_museo-salinas.jpg","contentUrl":"https:\/\/palermo.cultureconceptstore.it\/salinas\/wp-content\/uploads\/2018\/06\/ccs_home_museo-salinas.jpg","width":1900,"height":1200,"caption":"Culture Concept Store | Museo Atnonino Salinas Palermo"},{"@type":"BreadcrumbList","@id":"https:\/\/palermo.cultureconceptstore.it\/salinas\/#breadcrumb","itemListElement":[{"@type":"ListItem","position":1,"name":"Home","item":"https:\/\/palermo.cultureconceptstore.it\/salinas\/"},{"@type":"ListItem","position":2,"name":"Culture Concept Store Palermo"}]},{"@type":"WebSite","@id":"https:\/\/palermo.cultureconceptstore.it\/salinas\/#website","url":"https:\/\/palermo.cultureconceptstore.it\/salinas\/","name":"Culture Concept Store - Palermo","description":"","potentialAction":[{"@type":"SearchAction","target":{"@type":"EntryPoint","urlTemplate":"https:\/\/palermo.cultureconceptstore.it\/salinas\/?s={search_term_string}"},"query-input":{"@type":"PropertyValueSpecification","valueRequired":true,"valueName":"search_term_string"}}],"inLanguage":"it-IT"}]}},"_links":{"self":[{"href":"https:\/\/palermo.cultureconceptstore.it\/salinas\/wp-json\/wp\/v2\/pages\/575","targetHints":{"allow":["GET"]}}],"collection":[{"href":"https:\/\/palermo.cultureconceptstore.it\/salinas\/wp-json\/wp\/v2\/pages"}],"about":[{"href":"https:\/\/palermo.cultureconceptstore.it\/salinas\/wp-json\/wp\/v2\/types\/page"}],"author":[{"embeddable":true,"href":"https:\/\/palermo.cultureconceptstore.it\/salinas\/wp-json\/wp\/v2\/users\/1"}],"replies":[{"embeddable":true,"href":"https:\/\/palermo.cultureconceptstore.it\/salinas\/wp-json\/wp\/v2\/comments?post=575"}],"version-history":[{"count":31,"href":"https:\/\/palermo.cultureconceptstore.it\/salinas\/wp-json\/wp\/v2\/pages\/575\/revisions"}],"predecessor-version":[{"id":1192,"href":"https:\/\/palermo.cultureconceptstore.it\/salinas\/wp-json\/wp\/v2\/pages\/575\/revisions\/1192"}],"wp:featuredmedia":[{"embeddable":true,"href":"https:\/\/palermo.cultureconceptstore.it\/salinas\/wp-json\/wp\/v2\/media\/1058"}],"wp:attachment":[{"href":"https:\/\/palermo.cultureconceptstore.it\/salinas\/wp-json\/wp\/v2\/media?parent=575"}],"curies":[{"name":"wp","href":"https:\/\/api.w.org\/{rel}","templated":true}]}}